e
Is 2485803 composite?
True
Is 370009 a composite number?
False
Is 2133773 composite?
False
Is 29615441 composite?
True
Is 10170581 prime?
True
Is 36708569 a composite number?
False
Is 14590139 a composite number?
False
Is 4887139 prime?
True
Is 43831243 prime?
True
Is 92653337 a prime number?
False
Is 38194187 a composite number?
True
Is 23063213 a composite number?
True
Is 4924589 composite?
True
Is 160760753 a prime number?
True
Is 6246283 a composite number?
True
Is 43853 a composite number?
False
Is 10001954 a prime number?
False
Is 71150159 a prime number?
False
Is 30953341 prime?
True
Is 29520967 a prime number?
False
Is 12628657 composite?
False
Is 34078679 a composite number?
True
Is 4247162 composite?
True
Is 3808667 composite?
False
Is 130317113 composite?
True
Is 10915711 composite?
True
Is 1022491 composite?
False
Is 934959 prime?
False
Is 212295011 a prime number?
False
Is 1002913741 a prime number?
True
Is 2182771 a prime number?
False
Is 40768757 a composite number?
True
Is 456979 a prime number?
True
Is 1373 a prime number?
True
Is 13179899 a composite number?
True
Is 238059583 a composite number?
False
Is 15043319 a composite number?
False
Is 77911447 a composite number?
True
Is 28348277 a prime number?
True
Is 36378131 a composite number?
False
Is 19219 a composite number?
False
Is 587651063 a prime number?
True
Is 1732597 composite?
False
Is 623209 prime?
True
Is 76726963 composite?
True
Is 17462143 a composite number?
True
Is 34446907 a composite number?
True
Is 4768583 a prime number?
True
Is 245018 prime?
False
Is 121221349 a prime number?
False
Is 738778013 composite?
False
Is 1148207 a composite number?
True
Is 3055433 prime?
False
Is 257704157 composite?
True
Is 1393169095 a composite number?
True
Is 50907089 prime?
False
Is 168713 composite?
False
Is 134923913 a prime number?
True
Is 2104721 prime?
False
Is 25666573 prime?
False
Is 125969501 composite?
True
Is 22259839 a prime number?
False
Is 741022 prime?
False
Is 861983 a prime number?
False
Is 6996667 a prime number?
False
Is 55534057 composite?
False
Is 42428333 a prime number?
True
Is 256803941 a composite number?
False
Is 315738443 composite?
True
Is 863791 prime?
False
Is 2777246 a composite number?
True
Is 1935871 composite?
True
Is 138714253 prime?
False
Is 20170751 a composite number?
False
Is 50859013 a prime number?
True
Is 6813181 prime?
True
Is 703489 prime?
True
Is 13487051 a prime number?
True
Is 4791373 prime?
True
Is 1095613 a composite number?
False
Is 695164979 a prime number?
True
Is 4982261 a composite number?
True
Is 839357 prime?
False
Is 695111 a prime number?
True
Is 609865271 composite?
False
Is 1126031 composite?
False
Is 3610141 composite?
True
Is 10924801 composite?
False
Is 1088057 a composite number?
True
Is 66150089 composite?
True
Is 1715599 a prime number?
True
Is 101038097 prime?
True
Is 478111 a composite number?
False
Is 59264141 composite?
True
Is 7765711 prime?
True
Is 325529521 composite?
True
Is 716599265 a composite number?
True
Is 273054038 prime?
False
Is 794362 a prime number?
False
Is 8540539 prime?
False
Is 136693643 prime?
False
Is 108682913 prime?
False
Is 125773 a composite number?
True
Is 771733 prime?
False
Is 5228561 composite?
True
Is 112299337 composite?
False
Is 7967437 a composite number?
True
Is 1356811 prime?
True
Is 66135881 a prime number?
False
Is 158553779 prime?
True
Is 4152657 prime?
False
Is 2500973237 a composite number?
True
Is 266182507 prime?
True
Is 6912481 prime?
False
Is 218177653 prime?
False
Is 52004347 a composite number?
False
Is 7523239 a prime number?
True
Is 124120511 prime?
False
Is 1154291 composite?
False
Is 888061157 prime?
True
Is 3725303 a composite number?
False
Is 240578651 a prime number?
True
Is 23812777 prime?
False
Is 15683795 a prime number?
False
Is 4753267 composite?
False
Is 1105787 a composite number?
False
Is 3248101 a prime number?
False
Is 67757047 a composite number?
False
Is 8659097 a prime number?
True
Is 83539853 a composite number?
True
Is 22666331 a composite number?
True
Is 419736661 a composite number?
False
Is 7604291 a composite number?
True
Is 691711 a composite number?
True
Is 2375149 a prime number?
False
Is 695447477 prime?
True
Is 50863205 prime?
False
Is 910337 prime?
False
Is 209519 a composite number?
False
Is 214029961 prime?
True
Is 22304591 composite?
False
Is 5643641 prime?
True
Is 13718219 composite?
True
Is 3394297 a composite number?
True
Is 1614187479 prime?
False
Is 12185066 a composite number?
True
Is 67637707 composite?
False
Is 123004477 a prime number?
True
Is 9115967 a composite number?
True
Is 707501 prime?
True
Is 891101 a prime number?
True
Is 3792857 composite?
False
Is 230451079 a prime number?
True
Is 6000629 composite?
True
Is 483106879 a prime number?
False
Is 250997 prime?
False
Is 314779298 prime?
False
Is 17195417 prime?
False
Is 426805 a prime number?
False
Is 1246079 prime?
False
Is 18624611 a prime number?
True
Is 843929 prime?
False
Is 296315482 a composite number?
True
Is 555157 a prime number?
False
Is 7620049 composite?
False
Is 1225219 prime?
True
Is 826493 prime?
True
Is 7019377 composite?
False
Is 1398613 composite?
True
Is 13425713 composite?
True
Is 335421759 prime?
False
Is 4194973 composite?
False
Is 1194899 prime?
True
Is 81394517 a prime number?
True
Is 91900313 prime?
False
Is 3460463 prime?
True
Is 415543 prime?
True
Is 58501727 prime?
True
Is 538987 a prime number?
True
Is 36923917 prime?
True
Is 719969433 a composite number?
True
Is 378668633 a composite number?
True
Is 12203381 a prime number?
True
Is 15445399 a prime number?
True
Is 42925871 a composite number?
False
Is 2172349 prime?
False
Is 104350177 a prime number?
False
Is 18615113 a composite number?
True
Is 7314379 prime?
False
Is 1469261 composite?
True
Is 38699453 prime?
False
Is 84341402 a prime number?
False
Is 25490393 prime?
True
Is 1833373 a prime number?
False
Is 545005807 prime?
True
Is 122168821 composite?
False
Is 17691077 a composite number?
False
Is 1193135 prime?
False
Is 30783769 a composite number?
False
Is 1983503 a composite number?
False
Is 1836689 prime?
True
Is 16431097 a prime number?
True
Is 4692277 composite?
False
Is 28196521 a composite number?
False
Is 12348617 composite?
True
Is 80562851 prime?
True
Is 59346661 a prime number?
False
Is 43932359 prime?
False
Is 6929018 prime?
False
Is 2781439 composite?
True
Is 525613523 composite?
True
Is 53187469 a composite number?
True
Is 2811379 a composite number?
False
Is 325745699 a prime number?
True
Is 2983351 composite?
True
Is 4049707 composite?
False
Is 608982421 prime?
True
Is 7897 a composite number?
True
Is 9594479 a composite number?
False
Is 6297197 a composite number?
True
Is 4354951 a prime number?
True
Is 177591527 prime?
False
Is 265863757 composite?
False
Is 6810959 prime?
False
Is 8231703 a prime number?
False
Is 209106701 composite?
True
Is 40858567 composite?
True
Is 3684599 a composite number?
True
Is 1443899 composite?
False
Is 163176599 prime?
False
Is 168179509 prime?
True
Is 49698359 a prime number?
True
Is 19369991 prime?
True
Is 42545357 a prime number?
True
Is 190453157 a prime number?
True
Is 1110041 a composite number?
False
Is 51041867 composite?
False
Is 7177289 prime?
False
Is 9566419 composite?
True
Is 899849 a prime number?
True
Is 9327089 a composite number?
False
Is 8163227 composite?
False
Is 24200171 a composite number?
True
Is 227107189 composite?
False
Is 176933539 a prime number?
True
Is 574859 a prime number?
True
Is 1515729143 a prime number?
True
Is 117779369 a prime number?
False
Is 41447273 composite?
True
Is 19961209 composite?
True
Is 2613751 composite?
True
Is 35842507 composite?
False
Is 107811217 a composite number?
True
Is 79059289 prime?
False
Is 58692983 a prime number?
False
Is 461118055 a prime number?
False
Is 32230781 a prime number?
False
Is 2208377 prime?
True
Is 29218279 composite?
False
Is 178681 prime?
True
Is 332648261 a composite number?
True
Is 201266287 prime?
False
Is 88610077 composite?
False
Is 457817 prime?
True
Is 149313851 a prime number?
True
Is 54357991 prime?
False
Is 1784509 a composite number?
True
Is 1676615 a prime number?
False
Is 256924111 composite?
True
Is 190580933 prime?
True
Is 9480571 a 